+ (-81 + 132 - -32)
59
What is the value of (-1 - 0) + (-1 - 3) + 39 - (-698 + 701)?
31
What is 8 + 8 + -37 + (-91 - -83)?
-29
Evaluate -5 - -2 - -15 - (148 + 18 + 0 - 22).
-132
What is -52 + (46 - (59 + -33))?
-32
-820 + 919 - (-7 + 0 - 18)
124
What is the value of (30 - (11 - -113)) + 40?
-54
Calculate -95 + -33 + 68 - (8 - (10 + 13)).
-45
Calculate 119 + (67 - 258) + 79.
7
Calculate -139 - (-193 + 82 + 17).
-45
What is 95 + 17 + (22 - 92)?
42
What is -72 + 158 + -39 - (-4 - -27)?
24
What is 18 + (-14 - 31) + 22 + -51?
-56
Calculate -54 - 2 - (88 - 112 - 5).
-27
Evaluate -9 + 0 - (-8 - 5) - (17 + -70).
57
What is the value of (0 - -12) + 10 - (-36 - -80)?
-22
What is the value of 3 - (27 + -27 + -7) - (3 - -127 - 2)?
-118
What is the value of -106 + (19 + -60 + 44 - (-16 + -1))?
-86
Evaluate (1 - -27) + -63 + 47 + (-7 - -11) - -125.
141
Calculate (24 - 8) + (-46 - (22 + -20)).
-32
Evaluate -71751 + 71782 - ((-1 - -13) + 0).
19
30 + -14 + (64 - 70)
10
Evaluate 250 + -114 - (-39 - -116).
59
What is -1 + 3 + 2 + (-33 - 34) - (-55 + 58)?
-66
Evaluate -131 + (-25 - (-31 - -14)) + 39.
-100
Calculate (1 - 1 - -3) + 6 + 10 + (-37 - -27).
9
What is the value of -67 + 38 - (-68 + -3 - 18)?
60
-12 - -8 - (2 + -5 - (131 - 123))
7
-4 + (0 - 2) - (-75 + -78 + 80)
67
What is -31647 + 31828 + -1 + -142?
38
Evaluate 7 + -39 - -51 - -10.
29
Calculate 0 - -23 - ((-46 - (-14 + -12)) + 95).
-52
What is the value of 49 - (37 + (-28 - -24))?
16
2 + 1 - (-2 + 54 + 2 - (-109 + 112))
-48
Evaluate (131 - (-11 + 144)) + (0 - (54 + 1)).
-57
What is the value of 81 + (-82 - -39) + -10?
28
Calculate 15 - ((1 - 0) + (13 - 46 - -41)).
6
-1 - (15 - (1 + (-6 - (9 + -12))))
-18
Evaluate 0 - 5 - (-49 - ((-9 - 2 - -2) + 2)).
37
Calculate 1679 + -1726 + 56 + 2.
11
What is 16 + 2 + -13 + 27 + (3 - 24)?
11
-984 + 980 + (-4 + 0 - (-13 + 4))
1
-288 - -260 - (-159 + 13)
118
Calculate -7 + -5 + 2 - (-19 + 2 + 65 + -7).
-51
Evaluate 45 + 0 + (33 + 4 - 14) + -17 - -7.
58
What is -40 + -4 + (25 - (14 + 6)) + (9 - 1)?
-31
Evaluate 0 + 9 + -15 + 4 + 31.
29
-35 + -71 + 16 + 63
-27
231 + -227 - (-3 + -55 + 2 - (0 - 1))
59
What is the value of (47 - -9) + (2 - 1 - 1) - (-63 - -58)?
61
What is the value of (-14 - 1) + (-34 - (-149 - 16)) + -29?
87
Evaluate (2 - (2 - 2)) + (37 - (109 - 24)).
-46
What is (-4 + (-2 + 1 - (29 - 37)) - -9) + -97?
-85
Evaluate 7 + -44 + 21 + 8 + -12.
-20
Calculate -14 - ((-37 + -23 - -20) + -9 + 1).
34
Calculate -83 + (52 - (-13 - -26)).
-44
What is the value of (-39 - 0) + -816 + 808?
-47
What is -20 + 14 + 13 - (17 + 16)?
-26
7 - -13 - 6 - (21 + 5) - 73
-85
Evaluate -2 + (-2 + (-1 - 0) - -116) + -2844 + 2838.
105
What is (-12 - (2 - 4)) + (-1 + -21 - -2) + 7?
-23
(208 - (-1 - -130)) + (-2 - -2 - -20)
99
Evaluate -12 + (-5 - (-2 - 48)).
33
-880 + 875 + 3 + 1 + 14 + 4
17
What is the value of 5 + -9 - (-11 - 5 - -1) - -9?
20
What is -3 + -5 + 1 + 9 + (1 - (-11 + 22))?
-8
Evaluate (1 + -4 - (-810 - -804)) + -24 + 1.
-20
-9 - (-45 + 14 + -79 + -1 + -3)
105
What is 35 + -121 + 13 + (-20 - -18)?
-75
220 - 224 - (2 + -12)
6
What is -12 - (-4 - 49) - 45?
-4
What is (-3 - (0 - 13)) + -13 + -2 - -8?
3
(-352 - -300) + 3 + (1 - (0 - -4))
-52
Calculate 6 - (31 - 35) - -6 - 124.
-108
Evaluate 2 + 29 - (-66 + 40 + -35).
92
What is -58 + -10 + (-41 - -93)?
-16
Calculate -31 - (-24 - (-3 - (4 + -4))).
-10
Calculate 5241 - 5246 - (93 - (4 - 8)).
-102
What is (-110 + 149 - (2 - -12) - 25) + 127?
127
What is 3055 - 3047 - (-1 + 67)?
-58
What is -22 + 9 + 72 + -67?
-8
Calculate 21 + 10 + 11 + 4 + -66.
-20
What is the value of (102 - 13) + (-187 - -170)?
72
Evaluate 19 + -81 + (6 - -29).
-27
What is the value of (-104 + 215 - 98) + -82?
-69
Calculate 5 - ((-17 - (-17 + 9)) + 1 + 6) - 0.
7
(-89 - (-35 - (-30 + 13))) + -18
-89
What is -29 + (-5 - -17) + -42?
-59
5 + -4 + (-1 - 7) + 1 + -29
-35
Calculate -34 + 10 + 15 - (-11 - -11).
-9
What is 16 + -27 + 12 + -4 - -14?
11
What is 4 + -11 + (-16 - (-14 - -19)) + 6?
-22
Evaluate -9 + (-49 - (23 + -83)).
2
-5 + (22 - (2 - 1)) + -19 + 50
47
Evaluate (2 - -100) + -4 - (-140 + 54 - -85).
99
Calculate -21 + (-52 + 26 - -22).
-25
What is the value of -9 + -17 + -3 - (2 + -4 + 15)?
-42
Evaluate (100 - 29 - (-4 - 31)) + 1 + -5 + -1.
101
Evaluate 17 + (49 - 51 - (1 + -10 - -5)).
19
(93 - (87 + -87)) + -60
33
What is 5 + -1 + -1 - (40 + -41) - 38?
-34
Evaluate 176 + -189 + (-3 + 81 - -1) + (-4 - -1).
63
Calculate (1276 - 1282) + -2 + 3 + -4.
-9
What is 6 - -9 - (51 + -44 + -3)?
11
Calculate -10 + -7 + (15 - 6) + (70 - (-7 - -7)).
62
What is the value of -14 - ((13 - 7) + 1 + 3 - 14)?
-10
What is -7 + 7 + -21 + 53 + -6 + 1?
27
What is the value of (30 - (103 - 29)) + (-4 - 0) - 14?
-62
Calculate (-1 - 31) + (-766 - -835).
37
402 + -469 - (-103 - -3)
33
Evaluate (14 - (62 - 13)) + 6 - (-17 + 6 + 0).
-18
-3 - ((60 - 28) + -64)
29
Calculate -121 + (111 - (-30 - -89)).
-69
12 - -1 - (13549 - 13572)
36
3 + -15 + (0 - -3) - (56 + 10)
-75
Evaluate (-1260 - -1197) + (-6 - -3 - (2 - 2)).
-66
Calculate (-24 - -9) + 15 + 8 + (54 + -11 - 0).
51
What is (2 - 1) + -8 + -52 - (27 + -59 + 47)?
-74
Calculate -73 + (2 - (75 - 91)).
-55
What is the value of (24 - 49) + 30 - (2 + -1) - 35?
-31
Evaluate -18 - (-33 + -17 + 11 + (8 - 4)).
17
Calculate (53 - (-3 + 29) - -34) + (-8 - -1).
54
Calculate -69 + 75 + 27 + -76.
-43
Evaluate -2027 + 2039 - (-67 + 2).
77
Evaluate -9 + (153 - 97 - -1).
48
Evaluate -62 - -188 - 229 - -222.
119
What is (-5059 - -5065) + (1 - (-1 - -12)) + -15?
-19
Evaluate -5 + 14 + 11 + -11 + -14 - -9.
4
What is the value of -19 - (-17 + 31 + -74)?
41
Calculate (13 - 19) + (-53 - -81).
22
What is the value of -29 - (22 + -33 + -12 - -13)?
-19
Evaluate 3 - -13 - (5 + 30 + 2).
-21
What is the value of (-89 - (-3 + 3)) + (2077 - 2059)?
-71
What is 27 - (4 + -3) - (-18 - -7 - -5)?
32
Evaluate (55 - (-6 - -108)) + 58.
11
Calculate (1 - -15) + (-30 - 64 - -35).
-43
Calculate (-69 - -50) + -3 + 4 - -67.
49
What is the value of (42 - -3) + (1 + -1 - -1) + (10 - 18)?
38
Calculate (13 - 34) + (-1 - (23 - -5)).
-50
Evaluate -80 - 4 - (-15 - (2 + -14)).
-81
What is -1 + -12 + (-18 - -29) + 0 + 29?
27
What is the value of 16 - (26 + -22 - -21) - (24 - 2 - 2)?
-29
What is 11 - (8 - 1 - (-24 + 8 + 27))?
15
What is (-4 - 19) + (14 + 5 - 17) - 4?
-25
(7 + 8 + 12 - (10 - 1)) + 25
43
-7 + 52 + 37 - (2 + 3)
77
What is the value of 6 + 0 + (-17 - (58 - 60))?
-9
What is 1 + -41 - (-25 + 1 + 4)?
-20
What is -21 - -9 - (10 + -6 - (-32 + 52))?
4
-18 - (27 - (12 + -20)) - (-2 + 10)
-61
What is (-202 - -223) + 22 + 7?
50
What is the value of 30 + -24 - (4 - 46) - 10 - 12?
26
What is 37 + 34 + (22 - (5 + 1))?
87
What is -32 + (32 - 58) - -56?
-2
What is the value of -64 + (-1 + -5 + 10 + -2 - (44 - 45))?
-61
What is the value of (-18 - -8 - -32) + (5 - 12)?
15
Calculate (-7 - 2) + (17 - 5) - (5 - (-9 + -13)).
-24
What is -1 + -8 + (3 - 1) + (185 - (258 - 99))?
19
Evaluate -48 + -57 + 37 + 63.
-5
Evaluate 32 + -80 + 54 - 20.
-14
Calculate 2 + (47 + (-4 + 30 - 59) - (-63 - 0)).
79
What is 10 + 7 + (39 - 55) + (1 - -8)?
10
Calculate -1 - 101 - 0 - (216 + 69 - 291).
-96
What is 62 - (9 - (3 - 1) - (22 - 26)) - -2?
53
What is the value of (8 + -82 - -57) + -4 + 5?
-16
What is 94 - (39 - -77) - -85?
63
Evaluate 3 - (-3 + 2) - (-42 - (14 - 11)).
49
Calculate -51 + 49 + 10 - -10 - -18.
36
Calculate -47756 + 47704 + 0 + 0 + 56.
4
Evaluate 10 + (22 + 16 + -31 - -4).
21
What is -45 + 0 + (5778 - 5771)?
-38
2 + (0 - (-3 + 0 + -1 + 0)) - 64
-58
Calculate -53 + (7 - (7 - 27)).
-26
What is 19 - 12 - -15 - 20 - 18?
-16
Calculate (-2 + -36 + 99 + -77 - -98) + 22.
104
What is the value of -5 + 11 + (5 - -1) + 46 + -32?
26
84 + (7 + -9 - 3 - -9) + -31 + 17
74
Calculate 23 + (-109 - 19) + (5 + 9 - 3).
-94
What is (4582 - 4491) + (-3 - (-3 + -14) - -4)?
109
What is (7 + -26 - -57) + 49?
87
2 + -4 + -50 + 5 + (-14 - -9) + 10
-42
What is the value of (-101 - 17 - -36) + 8 + (0 + -1 - 5)?
-80
What is the value of (-2 - 1) + (959 - 842)?
114
What is the value of 0 + 1 + -10 - ((22 - 10) + (53 - 61))?
-13
What is the value of 29 + (50 - 16) + -93?
-30
(2 - 4 - 4 - 0) + -9 + 24 + -27
-18
Calculate -4 + 3 + (37 - (-18 + 45)).
9
What is 94 + (31 - -42 - 99)?
68
What is (1080 + -1052 - (43 - -1)) + -2 + 79